{"id":2,"date":"2014-10-15T16:05:50","date_gmt":"2014-10-15T14:05:50","guid":{"rendered":"http:\/\/skanesmitthalsa.se\/?page_id=2"},"modified":"2017-10-02T10:56:20","modified_gmt":"2017-10-02T08:56:20","slug":"exempelsida","status":"publish","type":"page","link":"https:\/\/skanesmitthalsa.se\/?page_id=2","title":{"rendered":"Om f\u00f6retaget"},"content":{"rendered":"<div class=\"fcbkbttn_buttons_block\" id=\"fcbkbttn_left\"><div class=\"fcbkbttn_button\">\n\t\t\t\t\t<a href=\"https:\/\/www.facebook.com\/604840486258604\" target=\"_blank\">\n\t\t\t\t\t\t<img decoding=\"async\" src=\"https:\/\/skanesmitthalsa.se\/wp-content\/plugins\/facebook-button-plugin\/images\/standard-facebook-ico.png\" alt=\"Fb-Button\" \/>\n\t\t\t\t\t<\/a>\n\t\t\t\t<\/div><div class=\"fcbkbttn_like \"><fb:like href=\"https:\/\/skanesmitthalsa.se\/?page_id=2\" action=\"like\" colorscheme=\"light\" layout=\"standard\"  width=\"450px\" size=\"small\"><\/fb:like><\/div><div class=\"fb-share-button  \" data-href=\"https:\/\/skanesmitthalsa.se\/?page_id=2\" data-type=\"button_count\" data-size=\"small\"><\/div><\/div><div class=\"twttr_buttons\"><div class=\"twttr_twitter\">\n\t\t\t\t\t<a href=\"http:\/\/twitter.com\/share?text=Om+f%C3%B6retaget\" class=\"twitter-share-button\" data-via=\"\" data-hashtags=\"\"  data-size=\"default\" data-url=\"https:\/\/skanesmitthalsa.se\/?page_id=2\"  data-related=\"\" target=\"_blank\">Tweet<\/a>\n\t\t\t\t<\/div><\/div><p><strong>Sk\u00e5nes Mitt H\u00e4lsa:\u00a0<\/strong>ett friskv\u00e5rdsf\u00f6retag som startade 2012 och\u00a0\u00e4r bel\u00e4get i natursk\u00f6na H\u00f6\u00f6r, Sk\u00e5nes mittpunkt. <a href=\"http:\/\/skanesmitthalsa.se\/wp-content\/uploads\/2014\/10\/soluppg\u00e5ng.jpg\"><img loading=\"lazy\" decoding=\"async\" class=\"size-medium wp-image-13 alignright\" src=\"http:\/\/skanesmitthalsa.se\/wp-content\/uploads\/2014\/10\/soluppg\u00e5ng-300x200.jpg\" alt=\"soluppg\u00e5ng\" width=\"300\" height=\"200\" srcset=\"https:\/\/skanesmitthalsa.se\/wp-content\/uploads\/2014\/10\/soluppg\u00e5ng-300x200.jpg 300w, https:\/\/skanesmitthalsa.se\/wp-content\/uploads\/2014\/10\/soluppg\u00e5ng.jpg 400w\" sizes=\"auto, (max-width: 300px) 100vw, 300px\" \/><\/a>Det\u00a0tidiga 1900-talets intresse f\u00f6r frisksport och h\u00e4lsosamma milj\u00f6er fick stort genomslag i kommunen.\u00a0Fortfarande idag erbjuder H\u00f6\u00f6r en milj\u00f6 som inspirerar till friskv\u00e5rd och rekreation. Sk\u00e5nes Mitt H\u00e4lsa \u00e4r ett ambulerande f\u00f6retag, vilket inneb\u00e4r att har inte du m\u00f6jlighet att komma till oss, kommer vi g\u00e4rna till dig.<\/p>\n<p><strong>Utm\u00e4rkande f\u00f6r Sk\u00e5nes Mitt H\u00e4lsa:<\/strong>\u00a0att det finns \u00a0bred kompetens inom omr\u00e5det psykisk oh\u00e4lsa och en helhetssyn hos kunden. Kunskap om basal friskv\u00e5rd med inriktning p\u00e5 kost, s\u00f6mn och fysisk aktivitet. Vi erbjuder;<\/p>\n<ul>\n<li>H\u00e4lsoprofilbed\u00f6mning med \u00e5tg\u00e4rdsprogram<\/li>\n<li>Kostr\u00e5dgivning<\/li>\n<li>Tr\u00e4ningsr\u00e5dgivning<\/li>\n<li>Avslappningsmassage<\/li>\n<li>Samtalsbehandling vid bla stress,oro,nedst\u00e4mdhet och s\u00f6mnproblem<\/li>\n<li>F\u00f6rel\u00e4sningar p\u00e5 arbetsplatser och skolor<\/li>\n<li>H\u00e4lsokontroller f\u00f6r f\u00f6retag<\/li>\n<\/ul>\n<p><strong>V\u00e5r m\u00e5ls\u00e4ttning:\u00a0<\/strong>att\u00a0verka f\u00f6r en \u00f6kad h\u00e4lsomedvetenhet<strong>\u00a0<\/strong>hos individer, grupper och organisationer genom ett h\u00e4lsopedagogiskt perspektiv som utg\u00e5r fr\u00e5n ett humanistiskt syns\u00e4tt. Vi menar att;<\/p>\n<ul>\n<li>alla m\u00e4nniskor har ett lika v\u00e4rde<\/li>\n<li>m\u00e4nniskan har r\u00e4tt att v\u00e4lja<\/li>\n<li>m\u00e4nniskan har r\u00e4tt att p\u00e5verka sin livssituation<\/li>\n<li>varje m\u00e4nniska \u00e4r unik<\/li>\n<li>varje m\u00e4nniska kan utvecklas<\/li>\n<\/ul>\n<p>Att alla m\u00e4nniskor har lika v\u00e4rde betyder att alla m\u00e4nniskor har samma m\u00e4nskliga r\u00e4ttigheter och samma r\u00e4tt att f\u00e5 dem respekterade. M\u00e4nniskov\u00e4rdet \u00e4r knutet till vad m\u00e4nniskan \u00e4r, inte till det hon g\u00f6r eller \u00e4ger.<\/p>\n<p><strong>Syfte:<\/strong>\u00a0att skapa intresse kring den egna h\u00e4lsan samt \u00f6ka f\u00f6rst\u00e5elsen och delaktigheten i att \u00a0p\u00e5verka sig sj\u00e4lv till livsstilsf\u00f6r\u00e4ndring genom aktivt val och engagemang<\/p>\n<p>Vi v\u00e4nder oss till dig som privatperson, men ocks\u00e5 till grupper och f\u00f6retag. Har ni inte m\u00f6jlighet att komma till oss, kommer vi g\u00e4rna till er.<\/p>\n<p style=\"text-align: center;\"><strong>Varmt v\u00e4lkommen till Sk\u00e5nes Mitt H\u00e4lsa &#8211; din nyckel till f\u00f6r\u00e4ndring<\/strong><\/p>\n<p>&nbsp;<\/p>\n<p><a href=\"http:\/\/skanesmitthalsa.se\/wp-content\/uploads\/2014\/10\/pr-penna.jpg\"><img loading=\"lazy\" decoding=\"async\" class=\"alignnone size-medium wp-image-96\" src=\"http:\/\/skanesmitthalsa.se\/wp-content\/uploads\/2014\/10\/pr-penna-300x165.jpg\" alt=\"pr penna\" width=\"300\" height=\"165\" srcset=\"https:\/\/skanesmitthalsa.se\/wp-content\/uploads\/2014\/10\/pr-penna-300x165.jpg 300w, https:\/\/skanesmitthalsa.se\/wp-content\/uploads\/2014\/10\/pr-penna-e1483388083235-150x83.jpg 150w, https:\/\/skanesmitthalsa.se\/wp-content\/uploads\/2014\/10\/pr-penna-1024x564.jpg 1024w\" sizes=\"auto, (max-width: 300px) 100vw, 300px\" \/><\/a><\/p>\n<p>&nbsp;<\/p>\n<div class=\"fcbkbttn_buttons_block\" id=\"fcbkbttn_left\"><div class=\"fcbkbttn_button\">\n\t\t\t\t\t<a href=\"https:\/\/www.facebook.com\/604840486258604\" target=\"_blank\">\n\t\t\t\t\t\t<img decoding=\"async\" src=\"https:\/\/skanesmitthalsa.se\/wp-content\/plugins\/facebook-button-plugin\/images\/standard-facebook-ico.png\" alt=\"Fb-Button\" \/>\n\t\t\t\t\t<\/a>\n\t\t\t\t<\/div><div class=\"fcbkbttn_like \"><fb:like href=\"https:\/\/skanesmitthalsa.se\/?page_id=2\" action=\"like\" colorscheme=\"light\" layout=\"standard\"  width=\"450px\" size=\"small\"><\/fb:like><\/div><div class=\"fb-share-button  \" data-href=\"https:\/\/skanesmitthalsa.se\/?page_id=2\" data-type=\"button_count\" data-size=\"small\"><\/div><\/div>","protected":false},"excerpt":{"rendered":"<p>Sk\u00e5nes Mitt H\u00e4lsa:\u00a0ett friskv\u00e5rdsf\u00f6retag som startade 2012 och\u00a0\u00e4r bel\u00e4get i natursk\u00f6na H\u00f6\u00f6r, Sk\u00e5nes mittpunkt. Det\u00a0tidiga 1900-talets intresse f\u00f6r frisksport och h\u00e4lsosamma milj\u00f6er fick stort genomslag i kommunen.\u00a0Fortfarande idag erbjuder H\u00f6\u00f6r en milj\u00f6 som inspirerar till friskv\u00e5rd och rekreation. Sk\u00e5nes Mitt &hellip; <a href=\"https:\/\/skanesmitthalsa.se\/?page_id=2\">Forts\u00e4tt l\u00e4sa <span class=\"meta-nav\">&rarr;<\/span><\/a><\/p>\n","protected":false},"author":1,"featured_media":0,"parent":0,"menu_order":10,"comment_status":"closed","ping_status":"closed","template":"","meta":{"footnotes":""},"class_list":["post-2","page","type-page","status-publish","hentry"],"_links":{"self":[{"href":"https:\/\/skanesmitthalsa.se\/index.php?rest_route=\/wp\/v2\/pages\/2","targetHints":{"allow":["GET"]}}],"collection":[{"href":"https:\/\/skanesmitthalsa.se\/index.php?rest_route=\/wp\/v2\/pages"}],"about":[{"href":"https:\/\/skanesmitthalsa.se\/index.php?rest_route=\/wp\/v2\/types\/page"}],"author":[{"embeddable":true,"href":"https:\/\/skanesmitthalsa.se\/index.php?rest_route=\/wp\/v2\/users\/1"}],"replies":[{"embeddable":true,"href":"https:\/\/skanesmitthalsa.se\/index.php?rest_route=%2Fwp%2Fv2%2Fcomments&post=2"}],"version-history":[{"count":14,"href":"https:\/\/skanesmitthalsa.se\/index.php?rest_route=\/wp\/v2\/pages\/2\/revisions"}],"predecessor-version":[{"id":366,"href":"https:\/\/skanesmitthalsa.se\/index.php?rest_route=\/wp\/v2\/pages\/2\/revisions\/366"}],"wp:attachment":[{"href":"https:\/\/skanesmitthalsa.se\/index.php?rest_route=%2Fwp%2Fv2%2Fmedia&parent=2"}],"curies":[{"name":"wp","href":"https:\/\/api.w.org\/{rel}","templated":true}]}}