{"id":36,"date":"2014-10-15T22:58:44","date_gmt":"2014-10-15T20:58:44","guid":{"rendered":"http:\/\/skanesmitthalsa.se\/?page_id=36"},"modified":"2016-02-19T19:55:38","modified_gmt":"2016-02-19T18:55:38","slug":"kost","status":"publish","type":"page","link":"https:\/\/skanesmitthalsa.se\/?page_id=36","title":{"rendered":"Kost"},"content":{"rendered":"<div class=\"fcbkbttn_buttons_block\" id=\"fcbkbttn_left\"><div class=\"fcbkbttn_button\">\n\t\t\t\t\t<a href=\"https:\/\/www.facebook.com\/604840486258604\" target=\"_blank\">\n\t\t\t\t\t\t<img decoding=\"async\" src=\"https:\/\/skanesmitthalsa.se\/wp-content\/plugins\/facebook-button-plugin\/images\/standard-facebook-ico.png\" alt=\"Fb-Button\" \/>\n\t\t\t\t\t<\/a>\n\t\t\t\t<\/div><div class=\"fcbkbttn_like \"><fb:like href=\"https:\/\/skanesmitthalsa.se\/?page_id=36\" action=\"like\" colorscheme=\"light\" layout=\"standard\"  width=\"450px\" size=\"small\"><\/fb:like><\/div><div class=\"fb-share-button  \" data-href=\"https:\/\/skanesmitthalsa.se\/?page_id=36\" data-type=\"button_count\" data-size=\"small\"><\/div><\/div><div class=\"twttr_buttons\"><div class=\"twttr_twitter\">\n\t\t\t\t\t<a href=\"http:\/\/twitter.com\/share?text=Kost\" class=\"twitter-share-button\" data-via=\"\" data-hashtags=\"\"  data-size=\"default\" data-url=\"https:\/\/skanesmitthalsa.se\/?page_id=36\"  data-related=\"\" target=\"_blank\">Tweet<\/a>\n\t\t\t\t<\/div><\/div><table width=\"100%\">\n<tbody>\n<tr>\n<td width=\"30%\">\n<h2><a href=\"http:\/\/skanesmitthalsa.se\/wp-content\/uploads\/2014\/10\/9749430_web.jpg\"><img loading=\"lazy\" decoding=\"async\" class=\"alignnone size-medium wp-image-37\" src=\"http:\/\/skanesmitthalsa.se\/wp-content\/uploads\/2014\/10\/9749430_web-300x215.jpg\" alt=\"9749430_web\" width=\"300\" height=\"215\" srcset=\"https:\/\/skanesmitthalsa.se\/wp-content\/uploads\/2014\/10\/9749430_web-300x215.jpg 300w, https:\/\/skanesmitthalsa.se\/wp-content\/uploads\/2014\/10\/9749430_web.jpg 817w\" sizes=\"auto, (max-width: 300px) 100vw, 300px\" \/><\/a><\/h2>\n<\/td>\n<td>\n<h2><strong>Kostr\u00e5dgivning<\/strong><\/h2>\n<p>Att vi m\u00e4nniskor inte kan leva utan mat r\u00e5der det inget tvivel om. Men fr\u00e5gan \u00e4r om det finns ett s\u00e4tt att \u00e4ta som \u00e4r \u00f6verl\u00e4gset alla andra. Vad som anses r\u00e4tt, f\u00f6r\u00e4ndras kontinuerligt, dels p\u00e5 grund av nya forskningsr\u00f6n men ocks\u00e5 p\u00e5 grund av aktuella mattrender, dietb\u00f6cker av olika slag och diverse skr\u00e4mselreportage i dags- och veckopress. Tyv\u00e4rr kolliderar \u00e5sikterna ganska ofta, inte minst mellan den klassiska n\u00e4ringsforskningen och olika alternativa syns\u00e4tt.Grundl\u00e4ggande kunskap om kroppens funktioner, behovet av energi och n\u00e4ring och n\u00e4ringsinneh\u00e5llet i olika livsmedel \u00e4r en f\u00f6ruts\u00e4ttning f\u00f6r att kunna bed\u00f6ma v\u00e4rdet av och sanningshalten i den information som sprids.<\/td>\n<\/tr>\n<tr>\n<td colspan=\"2\">V\u00e4ldigt\u00a0f\u00e5 av oss har en aning om hur mycket energi vi stoppar i oss eller g\u00f6r av med. Trots detta h\u00e5ller sig kroppsvikten, \u00e5tminstone f\u00f6r en del, ganska konstant genom \u00e5ren. Utan att vi \u00e4r medvetna om det anpassas &#8221;inkomsterna&#8221; till &#8221;utgifterna&#8221; och kroppen h\u00e5ller sig i energibalans. Om energiintaget d\u00e4remot \u00e4r h\u00f6gre \u00e4n energiutgifterna \u00f6kar vikten och om det \u00e4r l\u00e4gre minskar den.Forskning tyder p\u00e5 att en stor del av v\u00e5ra allvarligaste folksjukdomar beror p\u00e5 livsstil och matvanor. Tv\u00e5 tredjedelar av hj\u00e4rt-och k\u00e4rlsjukdomarna och en tredjedel av cancerfallen i Sverige s\u00e4tts i samband med matvanorna.Vi lever ocks\u00e5 idag ett allt mer stillasittande liv \u00e4n man gjorde f\u00f6r n\u00e5gra generationer sedan. \u00d6ver 80% av svenska folket har nuf\u00f6rtiden ett arbete som kr\u00e4ver f\u00f6rh\u00e5llandevis mindre energi. D\u00e4rf\u00f6r \u00e4r det av st\u00f6rsta vikt att anpassa v\u00e5ra kostvanor till de \u00e4ndrade levnadsvanorna, vilket inneb\u00e4r att vi b\u00f6r \u00e4ta en mer energi- och n\u00e4ringsbalanserad kost, samtidigt som vi dagligen beh\u00f6ver ut\u00f6va n\u00e5gon form av fysisk aktivitet.Sk\u00e5nes Mitt H\u00e4lsa erbjuder kostr\u00e5dgivning\u00a0och\u00a0h\u00e4lsotips.<a href=\"http:\/\/skanesmitthalsa.se\/wp-content\/uploads\/2014\/10\/bl\u00e5b\u00e4r.jpg\"><img loading=\"lazy\" decoding=\"async\" class=\"alignright wp-image-161 size-medium\" src=\"http:\/\/skanesmitthalsa.se\/wp-content\/uploads\/2014\/10\/bl\u00e5b\u00e4r-300x200.jpg\" alt=\"bl\u00e5b\u00e4r\" width=\"300\" height=\"200\" srcset=\"https:\/\/skanesmitthalsa.se\/wp-content\/uploads\/2014\/10\/bl\u00e5b\u00e4r-300x200.jpg 300w, https:\/\/skanesmitthalsa.se\/wp-content\/uploads\/2014\/10\/bl\u00e5b\u00e4r.jpg 400w\" sizes=\"auto, (max-width: 300px) 100vw, 300px\" \/><\/a><\/p>\n<p>&nbsp;<\/p>\n<p>&nbsp;<\/p>\n<p>&nbsp;<\/p>\n<h2>Var ska du b\u00f6rja?<\/h2>\n<p>Om du vill ha till en f\u00f6r\u00e4ndring i ditt kostintag s\u00e5 kan du alltid b\u00f6rja i mindre skala och successivt k\u00e4nna\/testa dig fram. G\u00f6r en analys av ditt kostbeteende och uppmuntra dig sj\u00e4lv till en kommande f\u00f6r\u00e4ndring.<\/p>\n<ul>\n<li>N\u00e4r \u00e4ter du, hur ofta \u00e4ter du, vilken kost \u00e4ter du, hur mycket \u00e4ter du?<\/li>\n<li>N\u00e4r m\u00e5r du bra efter en m\u00e5ltid, n\u00e4r blir du tr\u00e4tt, n\u00e4r k\u00e4nner du att det \u00e4r dags f\u00f6r ett nytt energiintag?<\/li>\n<li>Vad kan du f\u00f6r\u00e4ndra efter dina egna erfarenheter p\u00e5 hur din kropp reagerar?<\/li>\n<li>G\u00f6r de f\u00f6r\u00e4ndringar som k\u00e4nns naturliga, sm\u00e5 som stora, men g\u00f6r dem p\u00e5 dina egna villkor.<\/li>\n<\/ul>\n<p>&nbsp;<\/p>\n<p>Livsmedelsverket har satt ihop n\u00e5gra r\u00e5d som hj\u00e4lper dig att leva h\u00e4lsosamt:<\/p>\n<ul>\n<li>\u00c4t mycket frukt och gr\u00f6nt, g\u00e4rna 500 gram om dagen. Det motsvarar till exempel tre frukter och tv\u00e5 rej\u00e4la portioner gr\u00f6nsaker.<br \/>\nV\u00e4lj i f\u00f6rsta hand fullkorn n\u00e4r du \u00e4ter br\u00f6d, flingor, gryn, pasta och ris.<\/li>\n<li>V\u00e4lj g\u00e4rna nyckelh\u00e5lsm\u00e4rkta livsmedel.<\/li>\n<li>\u00c4t fisk ofta, g\u00e4rna tv\u00e5-tre g\u00e5nger i veckan.<\/li>\n<li>Anv\u00e4nd g\u00e4rna flytande margarin eller olja i matlagningen.<\/li>\n<\/ul>\n<p>F\u00f6r de flesta handlar det inte om att \u00e4ta mindre mat utan att v\u00e4lja bra mat. Det \u00e4r ocks\u00e5 viktigt att r\u00f6ra p\u00e5 sig varje dag. Det beh\u00f6ver inte inneb\u00e4ra ett tr\u00e4ningspass om dagen, utan att man f\u00e5r vardagsmotion.<\/p>\n<p>&nbsp;<\/p>\n<h2>Kostr\u00e5dgivning<\/h2>\n<p>Vid kostr\u00e5dgivning g\u00e5r vi igenom din kost och dina vanor, hittar din m\u00e5lbild och l\u00e4gger upp en plan f\u00f6r hur du ska n\u00e5 dina m\u00e5l.\u00a0Om det finns behov f\u00e5r du \u00e4ven skriva matdagbok som vi sen tillsammans g\u00e5r igenom. \u00a0M\u00e5nga g\u00e5nger kan sm\u00e5 justeringar r\u00e4cka f\u00f6r att ge stora resultat.<\/p>\n<div id=\"ctl00_FullRegion_mainAndRightRegion_mainRegion_mainBodyRegion_MainBody_PropertyContainer\" class=\"spacer\">\n<div>\u00a0Vid f\u00f6rsta bes\u00f6ket pratar vi om din m\u00e5ls\u00e4ttning med bes\u00f6ket, din livssituation, \u00a0motionsvanor, arbete, stress, mediciner, symtom, sjukdomar samt upplevd h\u00e4lsa<\/div>\n<div><\/div>\n<div><\/div>\n<div><\/div>\n<div><\/div>\n<\/div>\n<p><a href=\"http:\/\/skanesmitthalsa.se\/wp-content\/uploads\/2014\/10\/n\u00f6tter.jpg\"><img loading=\"lazy\" decoding=\"async\" class=\"aligncenter wp-image-162 size-medium\" src=\"http:\/\/skanesmitthalsa.se\/wp-content\/uploads\/2014\/10\/n\u00f6tter-300x156.jpg\" alt=\"n\u00f6tter\" width=\"300\" height=\"156\" srcset=\"https:\/\/skanesmitthalsa.se\/wp-content\/uploads\/2014\/10\/n\u00f6tter-300x156.jpg 300w, https:\/\/skanesmitthalsa.se\/wp-content\/uploads\/2014\/10\/n\u00f6tter.jpg 310w\" sizes=\"auto, (max-width: 300px) 100vw, 300px\" \/><\/a><\/p>\n<p>&nbsp;<\/td>\n<\/tr>\n<\/tbody>\n<\/table>\n<div class=\"fcbkbttn_buttons_block\" id=\"fcbkbttn_left\"><div class=\"fcbkbttn_button\">\n\t\t\t\t\t<a href=\"https:\/\/www.facebook.com\/604840486258604\" target=\"_blank\">\n\t\t\t\t\t\t<img decoding=\"async\" src=\"https:\/\/skanesmitthalsa.se\/wp-content\/plugins\/facebook-button-plugin\/images\/standard-facebook-ico.png\" alt=\"Fb-Button\" \/>\n\t\t\t\t\t<\/a>\n\t\t\t\t<\/div><div class=\"fcbkbttn_like \"><fb:like href=\"https:\/\/skanesmitthalsa.se\/?page_id=36\" action=\"like\" colorscheme=\"light\" layout=\"standard\"  width=\"450px\" size=\"small\"><\/fb:like><\/div><div class=\"fb-share-button  \" data-href=\"https:\/\/skanesmitthalsa.se\/?page_id=36\" data-type=\"button_count\" data-size=\"small\"><\/div><\/div>","protected":false},"excerpt":{"rendered":"<p>Kostr\u00e5dgivning Att vi m\u00e4nniskor inte kan leva utan mat r\u00e5der det inget tvivel om. Men fr\u00e5gan \u00e4r om det finns ett s\u00e4tt att \u00e4ta som \u00e4r \u00f6verl\u00e4gset alla andra. Vad som anses r\u00e4tt, f\u00f6r\u00e4ndras kontinuerligt, dels p\u00e5 grund av nya &hellip; <a href=\"https:\/\/skanesmitthalsa.se\/?page_id=36\">Forts\u00e4tt l\u00e4sa <span class=\"meta-nav\">&rarr;<\/span><\/a><\/p>\n","protected":false},"author":1,"featured_media":0,"parent":18,"menu_order":23,"comment_status":"closed","ping_status":"closed","template":"","meta":{"footnotes":""},"class_list":["post-36","page","type-page","status-publish","hentry"],"_links":{"self":[{"href":"https:\/\/skanesmitthalsa.se\/index.php?rest_route=\/wp\/v2\/pages\/36","targetHints":{"allow":["GET"]}}],"collection":[{"href":"https:\/\/skanesmitthalsa.se\/index.php?rest_route=\/wp\/v2\/pages"}],"about":[{"href":"https:\/\/skanesmitthalsa.se\/index.php?rest_route=\/wp\/v2\/types\/page"}],"author":[{"embeddable":true,"href":"https:\/\/skanesmitthalsa.se\/index.php?rest_route=\/wp\/v2\/users\/1"}],"replies":[{"embeddable":true,"href":"https:\/\/skanesmitthalsa.se\/index.php?rest_route=%2Fwp%2Fv2%2Fcomments&post=36"}],"version-history":[{"count":5,"href":"https:\/\/skanesmitthalsa.se\/index.php?rest_route=\/wp\/v2\/pages\/36\/revisions"}],"predecessor-version":[{"id":284,"href":"https:\/\/skanesmitthalsa.se\/index.php?rest_route=\/wp\/v2\/pages\/36\/revisions\/284"}],"up":[{"embeddable":true,"href":"https:\/\/skanesmitthalsa.se\/index.php?rest_route=\/wp\/v2\/pages\/18"}],"wp:attachment":[{"href":"https:\/\/skanesmitthalsa.se\/index.php?rest_route=%2Fwp%2Fv2%2Fmedia&parent=36"}],"curies":[{"name":"wp","href":"https:\/\/api.w.org\/{rel}","templated":true}]}}